{"id":17719,"date":"2018-08-17T15:33:51","date_gmt":"2018-08-17T18:33:51","guid":{"rendered":"https:\/\/escoladailha.com.br\/portal\/?post_type=portfolio&#038;p=17719"},"modified":"2018-08-17T15:33:51","modified_gmt":"2018-08-17T18:33:51","slug":"plantio-de-feijao-pelo-infantil-b","status":"publish","type":"portfolio","link":"https:\/\/escoladailha.com.br\/portal\/portfolio-item\/plantio-de-feijao-pelo-infantil-b\/","title":{"rendered":"Plantio de feij\u00e3o pelo Infantil B"},"content":{"rendered":"<div id=\"wpmem_restricted_msg\"><p>Essa p\u00e1gina \u00e9 restrita aos usu\u00e1rios cadastrados no portal da Escola da Ilha. Favor se <a href=\"https:\/\/escoladailha.com.br\/portal\/entrar\/\">logar<\/a> para continuar.<\/p><\/div>","protected":false},"excerpt":{"rendered":"<p>A Turma do Bal\u00e3o M\u00e1gico, Infantil B, est\u00e1 estudando os quatro elementos: \u00e1gua, terra, fogo e ar. Para estudar a terra, os alunos coletaram na Escola diferentes tipos de terra &#8211; areia, barro e terra preta &#8211; e aprenderam a import\u00e2ncia das sementes e das plantas para o meio ambiente. &#8220;Para que as crian\u00e7as ficassem ainda mais envolvidas com a tem\u00e1tica cada uma plantou um feij\u00e3o e levou para casa para acompanhar o crescimento da plantinha e por fim aproveitei a oportunidade para ler o livro Jo\u00e3o P\u00e9 de Feij\u00e3o para elas&#8221;, explica a professora Chrystiane Rosa.<\/p>\n[leiamais]\n[gallery link=\"file\" size=\"carousel\" ids=\"17727,17724,17739,17738,17725,17726,17735,17733,17732,17737,17731,17730,17729,17728,17734,17736,17723,17722,17720\"]\n","protected":false},"featured_media":0,"comment_status":"open","ping_status":"closed","template":"","tags":[377,333,196,131],"portfolio_entries":[273,79],"class_list":["post-17719","portfolio","type-portfolio","status-publish","hentry","tag-377","tag-plantio","tag-infantil","tag-meio-ambiente","portfolio_entries-meio-ambiente","portfolio_entries-infantil"],"acf":[],"_links":{"self":[{"href":"https:\/\/escoladailha.com.br\/portal\/wp-json\/wp\/v2\/portfolio\/17719","targetHints":{"allow":["GET"]}}],"collection":[{"href":"https:\/\/escoladailha.com.br\/portal\/wp-json\/wp\/v2\/portfolio"}],"about":[{"href":"https:\/\/escoladailha.com.br\/portal\/wp-json\/wp\/v2\/types\/portfolio"}],"replies":[{"embeddable":true,"href":"https:\/\/escoladailha.com.br\/portal\/wp-json\/wp\/v2\/comments?post=17719"}],"version-history":[{"count":0,"href":"https:\/\/escoladailha.com.br\/portal\/wp-json\/wp\/v2\/portfolio\/17719\/revisions"}],"wp:attachment":[{"href":"https:\/\/escoladailha.com.br\/portal\/wp-json\/wp\/v2\/media?parent=17719"}],"wp:term":[{"taxonomy":"post_tag","embeddable":true,"href":"https:\/\/escoladailha.com.br\/portal\/wp-json\/wp\/v2\/tags?post=17719"},{"taxonomy":"portfolio_entries","embeddable":true,"href":"https:\/\/escoladailha.com.br\/portal\/wp-json\/wp\/v2\/portfolio_entries?post=17719"}],"curies":[{"name":"wp","href":"https:\/\/api.w.org\/{rel}","templated":true}]}}

Plantio de feijão pelo Infantil B

<div id="wpmem_restricted_msg"><p>Essa página é restrita aos usuários cadastrados no portal da Escola da Ilha. Favor se <a href="https://escoladailha.com.br/portal/entrar/">logar</a> para continuar.</p></div>

<p>A Turma do Balão Mágico, Infantil B, está estudando os quatro elementos: água, terra, fogo e ar. Para estudar a terra, os alunos coletaram na Escola diferentes tipos de terra &#8211; areia, barro e terra preta &#8211; e aprenderam a importância das sementes e das plantas para o meio ambiente. &#8220;Para que as crianças ficassem ainda mais envolvidas com a temática cada uma plantou um feijão e levou para casa para acompanhar o crescimento da plantinha e por fim aproveitei a oportunidade para ler o livro João Pé de Feijão para elas&#8221;, explica a professora Chrystiane Rosa.</p>
[leiamais]
[gallery link="file" size="carousel" ids="17727,17724,17739,17738,17725,17726,17735,17733,17732,17737,17731,17730,17729,17728,17734,17736,17723,17722,17720"]
