{"id":16255,"date":"2018-06-13T15:19:17","date_gmt":"2018-06-13T18:19:17","guid":{"rendered":"https:\/\/escoladailha.com.br\/portal\/?post_type=portfolio&#038;p=16255"},"modified":"2018-06-13T15:19:17","modified_gmt":"2018-06-13T18:19:17","slug":"4o-ano-faz-a-trilha-do-rio-vermelho","status":"publish","type":"portfolio","link":"https:\/\/escoladailha.com.br\/portal\/portfolio-item\/4o-ano-faz-a-trilha-do-rio-vermelho\/","title":{"rendered":"4\u00ba ano faz a Trilha do Rio Vermelho"},"content":{"rendered":"<div id=\"wpmem_restricted_msg\"><p>Essa p\u00e1gina \u00e9 restrita aos usu\u00e1rios cadastrados no portal da Escola da Ilha. Favor se <a href=\"https:\/\/escoladailha.com.br\/portal\/entrar\/\">logar<\/a> para continuar.<\/p><\/div>","protected":false},"excerpt":{"rendered":"<p>O Parque do Rio Vermelho foi o local escolhido pela professora Silvana Cenci para fazer a integra\u00e7\u00e3o das turmas do 4\u00b0 ano, \u201cpois, al\u00e9m de muitos alunos ainda n\u00e3o o conhecerem, \u00e9 uma oportunidade fant\u00e1stica de contato com a natureza\u201d, pontua.<\/p>\n","protected":false},"featured_media":0,"comment_status":"open","ping_status":"closed","template":"","tags":[431,400,377,289,131,69],"portfolio_entries":[273,80],"class_list":["post-16255","portfolio","type-portfolio","status-publish","hentry","tag-4o-ano","tag-parque-do-rio-vermelho","tag-377","tag-integracao","tag-meio-ambiente","tag-1ef","portfolio_entries-meio-ambiente","portfolio_entries-fundamental-i"],"acf":[],"_links":{"self":[{"href":"https:\/\/escoladailha.com.br\/portal\/wp-json\/wp\/v2\/portfolio\/16255","targetHints":{"allow":["GET"]}}],"collection":[{"href":"https:\/\/escoladailha.com.br\/portal\/wp-json\/wp\/v2\/portfolio"}],"about":[{"href":"https:\/\/escoladailha.com.br\/portal\/wp-json\/wp\/v2\/types\/portfolio"}],"replies":[{"embeddable":true,"href":"https:\/\/escoladailha.com.br\/portal\/wp-json\/wp\/v2\/comments?post=16255"}],"version-history":[{"count":0,"href":"https:\/\/escoladailha.com.br\/portal\/wp-json\/wp\/v2\/portfolio\/16255\/revisions"}],"wp:attachment":[{"href":"https:\/\/escoladailha.com.br\/portal\/wp-json\/wp\/v2\/media?parent=16255"}],"wp:term":[{"taxonomy":"post_tag","embeddable":true,"href":"https:\/\/escoladailha.com.br\/portal\/wp-json\/wp\/v2\/tags?post=16255"},{"taxonomy":"portfolio_entries","embeddable":true,"href":"https:\/\/escoladailha.com.br\/portal\/wp-json\/wp\/v2\/portfolio_entries?post=16255"}],"curies":[{"name":"wp","href":"https:\/\/api.w.org\/{rel}","templated":true}]}}

4º ano faz a Trilha do Rio Vermelho

<div id="wpmem_restricted_msg"><p>Essa página é restrita aos usuários cadastrados no portal da Escola da Ilha. Favor se <a href="https://escoladailha.com.br/portal/entrar/">logar</a> para continuar.</p></div>

<p>O Parque do Rio Vermelho foi o local escolhido pela professora Silvana Cenci para fazer a integração das turmas do 4° ano, “pois, além de muitos alunos ainda não o conhecerem, é uma oportunidade fantástica de contato com a natureza”, pontua.</p>
