{"id":3642,"date":"2016-10-17T13:40:01","date_gmt":"2016-10-17T15:40:01","guid":{"rendered":"https:\/\/escoladailha.com.br\/portal\/?page_id=3642"},"modified":"2026-03-05T19:32:43","modified_gmt":"2026-03-05T22:32:43","slug":"avaliando-a-propria-escola","status":"publish","type":"page","link":"https:\/\/escoladailha.com.br\/portal\/escola\/como_trabalhamos\/avaliando-a-propria-escola\/","title":{"rendered":"Avaliando a pr\u00f3pria Escola"},"content":{"rendered":"<div class=\"flex_column av_two_third  flex_column_div av-zero-column-padding first  avia-builder-el-0  el_before_av_one_third  avia-builder-el-first  \" style='border-radius:0px; '><section class=\"av_textblock_section \"  itemscope=\"itemscope\" itemtype=\"https:\/\/schema.org\/CreativeWork\" ><div class='avia_textblock  '   itemprop=\"text\" ><h3><span style=\"color: #ff0000;\">COMO AVALIAMOS O NOSSO TRABALHO?<\/span><\/h3>\n<p>Faz parte do cotidiano de todas as escolas avaliar seu trabalho e buscar aperfei\u00e7oa-lo. A\u00a0Escola da Ilha faz isso em diversas ocasi\u00f5es:<\/p>\n<ul>\n<li>internamente, com a equipe de professores, no planejamento anual (fevereiro), nas reuni\u00f5es de Conselho de Classe (bimestrais), no planejamento do meio do ano (julho);<\/li>\n<li>com os pais, nas reuni\u00f5es pedag\u00f3gicas do calend\u00e1rio escolar e nos atendimentos individuais.<\/li>\n<\/ul>\n<p>Os Conselhos de Classe s\u00e3o momentos particularmente ricos em auto-avalia\u00e7\u00e3o, j\u00e1 que debatemos a situa\u00e7\u00e3o de cada turma e de cada aluno em particular, avalia\u00e7\u00f5es essas que s\u00e3o confrontadas com as percep\u00e7\u00f5es dos pais nos atendimentos individuais ou reuni\u00f5es.<\/p>\n<p>Essas avalia\u00e7\u00f5es tem por base os boletins ou os pareceres por habilidades e compet\u00eancias individuais, que por sua vez s\u00e3o o resultado das atividades realizadas em sala de aula, da participa\u00e7\u00e3o e dos\u00a0trabalhos, tarefas\u00a0e\u00a0provas realizados pelos alunos ao longo do bimestre.<\/p>\n<p>A\u00ed reside um dos limites dessa auto-avalia\u00e7\u00e3o interna: medimos sempre\u00a0o desempenho dos alunos com rela\u00e7\u00e3o ao que o professor e a pr\u00f3pria Escola consideram ideal. Ou seja, comparamos nossos alunos com n\u00f3s mesmos.<\/p>\n<p>Se nos contentarmos com isso, n\u00e3o temos como saber, com certeza, se os crit\u00e9rios definidos pela\u00a0Escola s\u00e3o\u00a0muito exigentes, ou ao contr\u00e1rio, pouco exigentes, nem como comparar o desempenho dos nossos alunos com os demais estudantes da mesma faixa et\u00e1ria, em escolas similares ou em outras regi\u00f5es do pa\u00eds. Ou seja, as avalia\u00e7\u00f5es internas n\u00e3o permitem avaliar a qualidade do trabalho da Escola perante o das outras escolas.<\/p>\n<p>V\u00e1rios \u00f3rg\u00e3os e sistemas de Ensino desenvolveram, por esta raz\u00e3o, m\u00e9todos e programas padronizados de avalia\u00e7\u00e3o. Temos, por exemplo, o ENEM (Exame Nacional de Avalia\u00e7\u00e3o do Ensino M\u00e9dio), o ENADE (Exame Nacional de Avalia\u00e7\u00e3o de Desempenho do Ensino Superior) e o PISA (Programa Internacional de Avalia\u00e7\u00e3o de Alunos, desenvolvido pela UNESCO e aplicado em alunos da faixa et\u00e1ria de 15 anos em grande n\u00famero de pa\u00edses).<\/p>\n<p>Com estes programas de avalia\u00e7\u00e3o, \u00e9 poss\u00edvel comparar os resultados de um pa\u00eds, um estado, um munic\u00edpio ou uma Escola com o de outras regi\u00f5es ou pa\u00edses. Infelizmente, alguns desses programas n\u00e3o est\u00e3o acess\u00edveis para as escolas particulares.<\/p>\n<p>Por essa raz\u00e3o, a Escola da Ilha tem dado import\u00e2ncia particular a tr\u00eas indicadores de avalia\u00e7\u00e3o dos alunos: as estat\u00edsticas do <strong>Vestibular da UFSC <\/strong>(<a href=\"http:\/\/coperve.ufsc.br\" target=\"_blank\" rel=\"noopener noreferrer\">veja aqui os resultados<\/a>), o <strong>ENEM<\/strong> e as avalia\u00e7\u00f5es trimestrais e os <strong>simulados do Sistema Poliedro, <\/strong>que permitem comparar o desempenho dos alunos da Escola com o das demais escolas da rede (mais de 15.000 alunos).<\/p>\n<p>Mais recentemente, a parceria com o Sistema Poliedro nos fornece uma an\u00e1lise dos resultados dos alunos de todas as escolas no ENEM, fornecendo \u00e0 Escola dados importantes para avaliar o trabalho realizado e, com base em dados reais, aperfei\u00e7oa-lo.<\/p>\n<\/div><\/section><\/div><div class=\"flex_column av_one_third  flex_column_div av-zero-column-padding   avia-builder-el-2  el_after_av_two_third  avia-builder-el-last  \" style='border-radius:0px; '><p><div  class='avia-image-container  av-styling-    avia-builder-el-3  el_before_av_image  avia-builder-el-first  avia-align-center '  itemprop=\"image\" itemscope=\"itemscope\" itemtype=\"https:\/\/schema.org\/ImageObject\"  ><div class='avia-image-container-inner'><div class='avia-image-overlay-wrap'><img decoding=\"async\" class='wp-image-8310 avia-img-lazy-loading-not-8310 avia_image' src=\"https:\/\/escoladailha.com.br\/portal\/wp-content\/uploads\/2017\/04\/2-480x380.jpg\" alt='' title='--- - 2' height=\"380\" width=\"480\"  itemprop=\"thumbnailUrl\" srcset=\"https:\/\/escoladailha.com.br\/portal\/wp-content\/uploads\/2017\/04\/2-480x380.jpg 480w, https:\/\/escoladailha.com.br\/portal\/wp-content\/uploads\/2017\/04\/2-232x184.jpg 232w\" sizes=\"(max-width: 480px) 100vw, 480px\" \/><\/div><\/div><\/div><br \/>\n<div  class='avia-image-container  av-styling-    avia-builder-el-4  el_after_av_image  el_before_av_image  avia-align-center '  itemprop=\"image\" itemscope=\"itemscope\" itemtype=\"https:\/\/schema.org\/ImageObject\"  ><div class='avia-image-container-inner'><div class='avia-image-overlay-wrap'><img decoding=\"async\" class='wp-image-8315 avia-img-lazy-loading-not-8315 avia_image' src=\"https:\/\/escoladailha.com.br\/portal\/wp-content\/uploads\/2017\/04\/IMG_7016-480x380.jpg\" alt='' title='IMG_7016' height=\"380\" width=\"480\"  itemprop=\"thumbnailUrl\" srcset=\"https:\/\/escoladailha.com.br\/portal\/wp-content\/uploads\/2017\/04\/IMG_7016-480x380.jpg 480w, https:\/\/escoladailha.com.br\/portal\/wp-content\/uploads\/2017\/04\/IMG_7016-232x184.jpg 232w\" sizes=\"(max-width: 480px) 100vw, 480px\" \/><\/div><\/div><\/div><br \/>\n<div  class='avia-image-container  av-styling-    avia-builder-el-5  el_after_av_image  el_before_av_image  avia-align-center '  itemprop=\"image\" itemscope=\"itemscope\" itemtype=\"https:\/\/schema.org\/ImageObject\"  ><div class='avia-image-container-inner'><div class='avia-image-overlay-wrap'><img decoding=\"async\" class='wp-image-8313 avia-img-lazy-loading-not-8313 avia_image' src=\"https:\/\/escoladailha.com.br\/portal\/wp-content\/uploads\/2017\/04\/5-480x380.jpg\" alt='' title='--- - 5' height=\"380\" width=\"480\"  itemprop=\"thumbnailUrl\" srcset=\"https:\/\/escoladailha.com.br\/portal\/wp-content\/uploads\/2017\/04\/5-480x380.jpg 480w, https:\/\/escoladailha.com.br\/portal\/wp-content\/uploads\/2017\/04\/5-232x184.jpg 232w\" sizes=\"(max-width: 480px) 100vw, 480px\" \/><\/div><\/div><\/div><br \/>\n<div  class='avia-image-container  av-styling-    avia-builder-el-6  el_after_av_image  avia-builder-el-last  avia-align-center '  itemprop=\"image\" itemscope=\"itemscope\" itemtype=\"https:\/\/schema.org\/ImageObject\"  ><div class='avia-image-container-inner'><div class='avia-image-overlay-wrap'><img decoding=\"async\" class='wp-image-8316 avia-img-lazy-loading-not-8316 avia_image' src=\"https:\/\/escoladailha.com.br\/portal\/wp-content\/uploads\/2017\/04\/IMG_7024-480x380.jpg\" alt='' title='IMG_7024' height=\"380\" width=\"480\"  itemprop=\"thumbnailUrl\" srcset=\"https:\/\/escoladailha.com.br\/portal\/wp-content\/uploads\/2017\/04\/IMG_7024-480x380.jpg 480w, https:\/\/escoladailha.com.br\/portal\/wp-content\/uploads\/2017\/04\/IMG_7024-232x184.jpg 232w\" sizes=\"(max-width: 480px) 100vw, 480px\" \/><\/div><\/div><\/div><\/p><\/div><\/p>\n","protected":false},"excerpt":{"rendered":"","protected":false},"author":1612,"featured_media":0,"parent":8460,"menu_order":98,"comment_status":"closed","ping_status":"closed","template":"","meta":{"_acf_changed":false,"_monsterinsights_skip_tracking":false,"_monsterinsights_sitenote_active":false,"_monsterinsights_sitenote_note":"","_monsterinsights_sitenote_category":0,"footnotes":""},"class_list":["post-3642","page","type-page","status-publish","hentry"],"acf":[],"_links":{"self":[{"href":"https:\/\/escoladailha.com.br\/portal\/wp-json\/wp\/v2\/pages\/3642","targetHints":{"allow":["GET"]}}],"collection":[{"href":"https:\/\/escoladailha.com.br\/portal\/wp-json\/wp\/v2\/pages"}],"about":[{"href":"https:\/\/escoladailha.com.br\/portal\/wp-json\/wp\/v2\/types\/page"}],"author":[{"embeddable":true,"href":"https:\/\/escoladailha.com.br\/portal\/wp-json\/wp\/v2\/users\/1612"}],"replies":[{"embeddable":true,"href":"https:\/\/escoladailha.com.br\/portal\/wp-json\/wp\/v2\/comments?post=3642"}],"version-history":[{"count":2,"href":"https:\/\/escoladailha.com.br\/portal\/wp-json\/wp\/v2\/pages\/3642\/revisions"}],"predecessor-version":[{"id":37965,"href":"https:\/\/escoladailha.com.br\/portal\/wp-json\/wp\/v2\/pages\/3642\/revisions\/37965"}],"up":[{"embeddable":true,"href":"https:\/\/escoladailha.com.br\/portal\/wp-json\/wp\/v2\/pages\/8460"}],"wp:attachment":[{"href":"https:\/\/escoladailha.com.br\/portal\/wp-json\/wp\/v2\/media?parent=3642"}],"curies":[{"name":"wp","href":"https:\/\/api.w.org\/{rel}","templated":true}]}}