{"id":22457,"date":"2020-03-21T18:18:27","date_gmt":"2020-03-21T21:18:27","guid":{"rendered":"https:\/\/escoladailha.com.br\/portal\/?page_id=22457"},"modified":"2021-01-07T17:53:49","modified_gmt":"2021-01-07T20:53:49","slug":"comunicar-se-com-a-escola-em-tempos-de-covid-19","status":"publish","type":"page","link":"https:\/\/escoladailha.com.br\/portal\/escola\/escola-online\/2021-escola-covid-19\/comunicar-se-com-a-escola-em-tempos-de-covid-19\/","title":{"rendered":"Comunicar-se com a Escola"},"content":{"rendered":"<div class=\"flex_column av_two_third  flex_column_div av-zero-column-padding first  avia-builder-el-0  el_before_av_one_third  avia-builder-el-first  \" style='border-radius:0px; '><section class=\"av_textblock_section \"  itemscope=\"itemscope\" itemtype=\"https:\/\/schema.org\/CreativeWork\" ><div class='avia_textblock  av_inherit_color '   itemprop=\"text\" ><h2>Comunicar-se com a Escola em tempos de COVID-19<\/h2>\n<p>Nossos funcion\u00e1rios est\u00e3o trabalhando em casa e nosso atendimento est\u00e1 sendo limitado.<\/p>\n<ol>\n<li><strong>Atendimento telef\u00f4nico: todos os dias, das 8h00 \u00e0s 12h00;<\/strong><br \/>\nAs liga\u00e7\u00f5es poder\u00e3o ser transferidas para os diferentes respons\u00e1veis.<\/li>\n<li>Atendimento presencial: apenas em casos importantes, com hor\u00e1rios marcados e com o uso de m\u00e1scara, como determina a lei.<\/li>\n<\/ol>\n<p>Veja aqui como resolver os diferentes assuntos:<\/p>\n<p><span style=\"color: #800000;\"><strong>Curr\u00edculos: n\u00e3o devem ser enviados por e-mail.<\/strong><\/span> H\u00e1, no menu &#8220;SERVI\u00c7OS&#8221; ou no rodap\u00e9 do portal, um link para o formul\u00e1rio de envio. Analisamos apenas os curr\u00edculos cadastrados por ali.<\/p>\n<p><strong>Equipe pedag\u00f3gica<\/strong>:<\/p>\n<ul>\n<li>do Infantil at\u00e9 o 5\u00ba\u00a0ano do Fundamental: Madeleine, <a href=\"mailto:coordenacao1@escoladailha.com.br\">coordenacao1@escoladailha.com.br;<\/a><\/li>\n<li>do 6\u00ba\u00a0ano do Fundamental ao terceir\u00e3o: Fernando,\u00a0 <a href=\"mailto:coordenacao2@escoladailha.com.br\">coordenacao2@escoladailha.com.br<\/a>;<\/li>\n<li>diretor pedag\u00f3gico de todas as turmas: Eliton, <a href=\"mailto:direcao@escoladailha.com.br\">direcao@escoladailha.com.br<\/a>;<\/li>\n<\/ul>\n<p><strong>Financeiro<\/strong>: Nelson (gerente) e Cl\u00e1udia (assistente): <a href=\"mailto:financeiro@escoladailha.com.br\">financeiro@escoladailha.com.br<\/a>.<\/p>\n<p>N\u00e3o \u00e9 necess\u00e1rio ir \u00e0 Escola para pagar as mensalidades. Enviamos por e-mail boletos ou n\u00famero de nossas contas banc\u00e1rias, para dep\u00f3sito.<\/p>\n<p>TI: para acesso ao sistema acad\u00eamico, senhas e outros assuntos: escreva para <a href=\"mailto:ti@escoladailha.com.br\">ti@escoladailha.com.br<\/a><\/p>\n<p>Secretaria escolar:\u00a0<a href=\"mailto:escolaridade@escoladailha.com.br\">escolaridade@escoladailha.com.br.<\/a><\/p>\n<p><strong>Facebook e Instagram n\u00e3o s\u00e3o plataformas de intera\u00e7\u00e3o\u00a0para quest\u00f5es pedag\u00f3gicas ou administrativas<\/strong>, para esclarecimento de d\u00favidas ou para envio de solicita\u00e7\u00f5es.<\/p>\n<\/div><\/section><\/div><div class=\"flex_column av_one_third  flex_column_div av-zero-column-padding   avia-builder-el-2  el_after_av_two_third  avia-builder-el-last  \" style='border-radius:0px; '><section class=\"av_textblock_section \"  itemscope=\"itemscope\" itemtype=\"https:\/\/schema.org\/CreativeWork\" ><div class='avia_textblock  '   itemprop=\"text\" >\n<\/div><\/section><\/div><\/p>\n","protected":false},"excerpt":{"rendered":"","protected":false},"author":1612,"featured_media":0,"parent":23358,"menu_order":84,"comment_status":"open","ping_status":"closed","template":"","meta":{"_acf_changed":false,"_monsterinsights_skip_tracking":false,"_monsterinsights_sitenote_active":false,"_monsterinsights_sitenote_note":"","_monsterinsights_sitenote_category":0,"footnotes":""},"class_list":["post-22457","page","type-page","status-publish","hentry"],"acf":[],"_links":{"self":[{"href":"https:\/\/escoladailha.com.br\/portal\/wp-json\/wp\/v2\/pages\/22457","targetHints":{"allow":["GET"]}}],"collection":[{"href":"https:\/\/escoladailha.com.br\/portal\/wp-json\/wp\/v2\/pages"}],"about":[{"href":"https:\/\/escoladailha.com.br\/portal\/wp-json\/wp\/v2\/types\/page"}],"author":[{"embeddable":true,"href":"https:\/\/escoladailha.com.br\/portal\/wp-json\/wp\/v2\/users\/1612"}],"replies":[{"embeddable":true,"href":"https:\/\/escoladailha.com.br\/portal\/wp-json\/wp\/v2\/comments?post=22457"}],"version-history":[{"count":0,"href":"https:\/\/escoladailha.com.br\/portal\/wp-json\/wp\/v2\/pages\/22457\/revisions"}],"up":[{"embeddable":true,"href":"https:\/\/escoladailha.com.br\/portal\/wp-json\/wp\/v2\/pages\/23358"}],"wp:attachment":[{"href":"https:\/\/escoladailha.com.br\/portal\/wp-json\/wp\/v2\/media?parent=22457"}],"curies":[{"name":"wp","href":"https:\/\/api.w.org\/{rel}","templated":true}]}}